{"id":192,"date":"2023-07-03T13:55:31","date_gmt":"2023-07-03T13:55:31","guid":{"rendered":"https:\/\/megabillig.ch\/?post_type=product&#038;p=192"},"modified":"2024-12-16T15:19:14","modified_gmt":"2024-12-16T15:19:14","slug":"ruehrholz-set-20-stk","status":"publish","type":"product","link":"https:\/\/hobby-versand.ch\/index.php\/produkt\/ruehrholz-set-20-stk\/","title":{"rendered":"R\u00fchrholz &#8211; Set  20 Stk"},"content":{"rendered":"","protected":false},"excerpt":{"rendered":"<p><span style=\"color: 000000; font-family: Arial;\"><span style=\"color: 000000; font-family: Arial; font-size: small;\"><b>R\u00fchrholz &#8211; Set <\/b><\/span><\/span><\/p>\n<p>20 Stk praktische R\u00fchrh\u00f6lzer zum anmischen von Giessmassen oder Silikonkautschuk. Hobbytime Qualit\u00e4tsprodukt von<br \/>\nGlorex<\/p>\n","protected":false},"featured_media":193,"template":"","meta":[],"product_brand":[],"product_cat":[23,26,24,21],"product_tag":[],"class_list":{"0":"post-192","1":"product","2":"type-product","3":"status-publish","4":"has-post-thumbnail","6":"product_cat-formbau-abgiessen","7":"product_cat-giessharz","8":"product_cat-giessmassen","9":"product_cat-zinngiessen-mat","11":"first","12":"instock","13":"shipping-taxable","14":"purchasable","15":"product-type-simple"},"jetpack_sharing_enabled":true,"_links":{"self":[{"href":"https:\/\/hobby-versand.ch\/index.php\/wp-json\/wp\/v2\/product\/192","targetHints":{"allow":["GET"]}}],"collection":[{"href":"https:\/\/hobby-versand.ch\/index.php\/wp-json\/wp\/v2\/product"}],"about":[{"href":"https:\/\/hobby-versand.ch\/index.php\/wp-json\/wp\/v2\/types\/product"}],"wp:featuredmedia":[{"embeddable":true,"href":"https:\/\/hobby-versand.ch\/index.php\/wp-json\/wp\/v2\/media\/193"}],"wp:attachment":[{"href":"https:\/\/hobby-versand.ch\/index.php\/wp-json\/wp\/v2\/media?parent=192"}],"wp:term":[{"taxonomy":"product_brand","embeddable":true,"href":"https:\/\/hobby-versand.ch\/index.php\/wp-json\/wp\/v2\/product_brand?post=192"},{"taxonomy":"product_cat","embeddable":true,"href":"https:\/\/hobby-versand.ch\/index.php\/wp-json\/wp\/v2\/product_cat?post=192"},{"taxonomy":"product_tag","embeddable":true,"href":"https:\/\/hobby-versand.ch\/index.php\/wp-json\/wp\/v2\/product_tag?post=192"}],"curies":[{"name":"wp","href":"https:\/\/api.w.org\/{rel}","templated":true}]}}