{"id":352,"date":"2023-07-10T09:54:14","date_gmt":"2023-07-10T09:54:14","guid":{"rendered":"https:\/\/megabillig.ch\/?post_type=product&#038;p=352"},"modified":"2023-07-10T14:08:55","modified_gmt":"2023-07-10T14:08:55","slug":"stewalin-packung-1-kg-terracotta-braun","status":"publish","type":"product","link":"https:\/\/hobby-versand.ch\/index.php\/produkt\/stewalin-packung-1-kg-terracotta-braun\/","title":{"rendered":"Stewalin Packung 01 kg terracotta braun"},"content":{"rendered":"","protected":false},"excerpt":{"rendered":"<p><span style=\"color: 000000; font-family: Arial;\"><span style=\"color: 000000; font-family: Arial; font-size: small;\"><b>Stewalin Packung 1 kg terracotta braun <\/b><\/span><\/span><\/p>\n<p>Hochwertige, Figurengiessmasse zum Giessen von Figuren und Reliefs aller Art. Mischverh\u00e4ltnis Giessmasse: Wasser =<br \/>\n4:1. Stewalin zeichnet sich durch eine speziell weisse Farbe, eine hohe Abformgenauigkeit, eine schnelle Aush\u00e4rtung,<br \/>\nm\u00fchelose Entformbarkeit und eine hohe Bruchfestigkeit aus. Ausgeh\u00e4rtete Gegenst\u00e4nde weisen eine porzellan\u00e4hnliche,<br \/>\nglatte Oberfl\u00e4c<\/p>\n","protected":false},"featured_media":350,"template":"","meta":[],"product_brand":[],"product_cat":[24],"product_tag":[],"class_list":{"0":"post-352","1":"product","2":"type-product","3":"status-publish","4":"has-post-thumbnail","6":"product_cat-giessmassen","8":"first","9":"instock","10":"shipping-taxable","11":"purchasable","12":"product-type-simple"},"jetpack_sharing_enabled":true,"_links":{"self":[{"href":"https:\/\/hobby-versand.ch\/index.php\/wp-json\/wp\/v2\/product\/352","targetHints":{"allow":["GET"]}}],"collection":[{"href":"https:\/\/hobby-versand.ch\/index.php\/wp-json\/wp\/v2\/product"}],"about":[{"href":"https:\/\/hobby-versand.ch\/index.php\/wp-json\/wp\/v2\/types\/product"}],"wp:featuredmedia":[{"embeddable":true,"href":"https:\/\/hobby-versand.ch\/index.php\/wp-json\/wp\/v2\/media\/350"}],"wp:attachment":[{"href":"https:\/\/hobby-versand.ch\/index.php\/wp-json\/wp\/v2\/media?parent=352"}],"wp:term":[{"taxonomy":"product_brand","embeddable":true,"href":"https:\/\/hobby-versand.ch\/index.php\/wp-json\/wp\/v2\/product_brand?post=352"},{"taxonomy":"product_cat","embeddable":true,"href":"https:\/\/hobby-versand.ch\/index.php\/wp-json\/wp\/v2\/product_cat?post=352"},{"taxonomy":"product_tag","embeddable":true,"href":"https:\/\/hobby-versand.ch\/index.php\/wp-json\/wp\/v2\/product_tag?post=352"}],"curies":[{"name":"wp","href":"https:\/\/api.w.org\/{rel}","templated":true}]}}